 z(k) = -3*k**3 - 158*k**2 - 252*k + 120. Give z(-51).
-33
Let f(j) = -6*j**2 - 187*j - 12. Determine f(-31).
19
Let h(a) = a**3 - 85*a**2 + a - 70. What is h(85)?
15
Let b(c) = c**3 + 15*c**2 - 2*c + 20. Give b(-15).
50
Let t(m) = m**3 - 37*m**2 - 4*m + 136. Determine t(37).
-12
Let t(n) = n**3 + 16*n**2 + 63*n + 33. Give t(-10).
3
Let k(u) = -32*u + 159. Determine k(-8).
415
Let l(v) = -v**2 + 106*v - 2636. Calculate l(40).
4
Let i(d) = -d**3 + 55*d**2 - 579*d + 46. What is i(14)?
-24
Let c(i) = -i**3 - 40*i**2 - 387*i - 19. What is c(-16)?
29
Let w(g) = -19*g**2 + 129*g + 20. Give w(6).
110
Let a(u) = -51*u + 4447. What is a(87)?
10
Let f(t) = -112*t - 2888. Calculate f(-26).
24
Let a(u) = u**2 - 11*u - 693. Determine a(33).
33
Let g(h) = h**3 + 16*h**2 + 38*h + 331. What is g(-17)?
-604
Let y(a) = a**3 + 91*a**2 + 72*a - 1616. Determine y(-90).
4
Let h(o) = 31*o + 3215. Calculate h(-104).
-9
Let s(m) = -5*m**2 - 265*m + 5. Give s(-53).
5
Let c(s) = 3*s**3 - 10*s**2 - 7*s + 22. Calculate c(5).
112
Let n(c) = -3*c**2 - 179*c - 344. What is n(-2)?
2
Let w(q) = -24*q**2 + 15*q - 27. What is w(2)?
-93
Let w(g) = 25*g**2 + 44*g - 43. What is w(1)?
26
Let m(x) = x**3 + 34*x**2 + x + 110. What is m(-34)?
76
Let t(p) = -61*p + 2044. Determine t(34).
-30
Let y(s) = -6*s**3 + 24*s**2 - 13*s + 62. Calculate y(5).
-153
Let v(a) = a**3 + 16*a**2 + 34*a - 53. Determine v(-13).
12
Let g(w) = -w**2 - 28*w + 700. What is g(-44)?
-4
Let u(t) = t**3 - 187*t**2 + 1268*t + 11. Calculate u(7).
67
Let x(z) = 604*z + 1806. Give x(-3).
-6
Let x(k) = 19*k - 1740. Calculate x(92).
8
Let w(o) = 32*o**2 + 958*o - 51. Determine w(-30).
9
Let q(k) = -122*k + 664. Determine q(5).
54
Let q(z) = -2366*z + 28385. Give q(12).
-7
Let d(o) = -5*o + 43. Determine d(3).
28
Let m(k) = -k**2 - 22*k - 107. Give m(-14).
5
Let f(v) = -4684*v + 42153. Determine f(9).
-3
Let l(h) = 2*h**3 - 24*h**2 + 2*h - 71. What is l(12)?
-47
Let s(i) = i**3 + 11*i**2 + 66*i + 825. Determine s(-11).
99
Let u(i) = -2*i**3 + 2*i**2 + 26*i - 1. Determine u(4).
7
Let i(d) = 2*d**3 - 26*d**2 - 10*d + 133. Give i(13).
3
Let n(y) = -19*y**2 + 697*y + 2515. Determine n(40).
-5
Let f(b) = 14*b - 55. Calculate f(-65).
-965
Let f(h) = -2*h**2 - 14*h - 80. What is f(-4)?
-56
Let d(z) = -z**3 - 13*z**2 - 14*z. Determine d(-11).
-88
Let y(s) = -14*s**3 + 4. Determine y(-2).
116
Let f(i) = -i**3 - 126*i**2 - 354*i + 1849. Determine f(-123).
4
Let x(z) = z**2 + 216*z - 1291. Give x(6).
41
Let q(k) = 39*k**2 - 90*k + 1. Calculate q(-3).
622
Let x(n) = -829*n + 825. What is x(1)?
-4
Let w(g) = 2*g**2 + 259*g - 6. Determine w(0).
-6
Let x(p) = 635*p - 5082. Give x(8).
-2
Let d(w) = w**3 - 105*w**2 - 91*w - 1614. Give d(106).
-24
Let x(p) = p**2 + 35*p - 2061. Give x(-66).
-15
Let v(f) = -3761*f + 67695. What is v(18)?
-3
Let p(x) = x**2 - 202*x + 9636. Calculate p(77).
11
Let f(k) = -k**3 + 9*k**2 + 61*k - 5. Calculate f(-5).
40
Let m(v) = v**3 + 16*v**2 - 17*v - 254. Give m(-16).
18
Let m(h) = h**3 + 61*h**2 - 68*h - 399. Determine m(-62).
-27
Let k(u) = 3*u**2 - 158*u + 644. Determine k(4).
60
Let l(m) = m**2 - 108*m - 938. Calculate l(-8).
-10
Let r(c) = 3*c**2 + 162*c + 144. What is r(-52)?
-168
Let l(k) = k**3 + 21*k**2 + 108*k + 7. Give l(-12).
7
Let b(r) = 5*r**2 - 82*r + 16. Calculate b(5).
-269
Let y(a) = -108*a - 91. Calculate y(-1).
17
Let k(m) = m**3 + 24*m**2 + 43*m - 30. Determine k(-22).
-8
Let x(n) = 2*n**3 - 56*n**2 - 120*n + 22. Determine x(30).
22
Let t(w) = -w**3 + 8*w**2 - 15*w + 346. Give t(10).
-4
Let q(w) = -19*w**2 + 2661*w - 140. What is q(140)?
0
Let k(o) = 35*o**2 + 9*o + 19. Give k(-4).
543
Let z(w) = -6*w**2 - 24*w + 12. Calculate z(-5).
-18
Let r(u) = u**3 - 7*u**2 + 10*u + 2. Determine r(7).
72
Let s(p) = -p**2 - 16*p + 47. Give s(-18).
11
Let y(n) = n - 103. Give y(101).
-2
Let r(q) = -q**3 - 35*q**2 + 21*q + 727. Give r(-35).
-8
Let v(q) = -2755*q - 30295. Calculate v(-11).
10
Let d(l) = -2*l**2 + 11128*l - 22261. Calculate d(2).
-13
Let x(d) = -6400*d + 44812. Give x(7).
12
Let n(u) = -u**3 - 13*u**2 - 20*u - 28. Determine n(-12).
68
Let l(x) = 18*x**2 - 236*x - 15. Determine l(10).
-575
Let a(o) = -1523*o - 6. Give a(0).
-6
Let x(k) = 1681*k - 8338. What is x(5)?
67
Let y(c) = c**2 + 14*c - 97. Give y(-12).
-121
Let f(l) = 1390*l - 8336. Calculate f(6).
4
Let z(u) = 16*u - 28. What is z(2)?
4
Let c(i) = -2*i**3 + 70*i**2 + 488*i + 166. Give c(41).
2
Let s(k) = -16749*k + 66999. What is s(4)?
3
Let m(a) = 85*a + 2631. Give m(-30).
81
Let u(s) = -5*s**2 + 23*s - 6. What is u(3)?
18
Let z(y) = 11*y**2 - 188*y + 23. Determine z(17).
6
Let c(x) = -4*x**3 + 22*x**2 + 10*x - 41. Give c(6).
-53
Let w(z) = 10*z**3 + 60*z**2 + 59*z + 351. What is w(-6)?
-3
Let j(k) = k**2 - 21*k + 73. What is j(16)?
-7
Let d(f) = -3*f**3 - 337*f**2 - 143*f - 3474. Calculate d(-112).
-2
Let y(k) = -3*k**2 + 69*k + 64. Determine y(24).
-8
Let i(c) = -2*c**2 - 339*c - 2116. Give i(-163).
3
Let y(r) = -72*r - 93. Determine y(5).
-453
Let q(n) = -61*n - 7. What is q(-3)?
176
Let w(l) = -113*l + 2114. Give w(18).
80
Let i(c) = -c**2 - 75*c + 850. What is i(10)?
0
Let f(q) = 193*q - 952. Give f(5).
13
Let a(w) = -2*w**3 - 16*w**2 + w - 5. Give a(-9).
148
Let s(x) = -x**3 - 7*x**2 - 115*x + 123. Determine s(1).
0
Let b(o) = -o**2 + 57*o - 373. What is b(13)?
199
Let r(s) = -s**3 + 76*s**2 - 219*s - 121. What is r(73)?
-121
Let j(w) = w**3 + 6*w**2 - 3*w + 34. What is j(4)?
182
Let n(r) = r**3 + 64*r**2 + 118*r - 120. Give n(-62).
252
Let y(v) = v**3 + 6*v**2 + 49*v + 370. What is y(-7)?
-22
Let x(t) = t**3 + 9*t**2 + 2*t - 5. What is x(-9)?
-23
Let p(w) = -11*w**2 - 68*w - 14. Calculate p(-6).
-2
Let b(k) = 2*k**3 + 21*k**2 - 20*k - 55. Determine b(-10).
245
Let f(t) = -t**3 + t**2 + 31*t - 23. Calculate f(-7).
152
Let c(x) = x**2 - 2560*x + 48279. Give c(19).
0
Let b(i) = 58*i - 1697. Determine b(30).
43
Let i(o) = -43*o - 73. Give i(-2).
13
Let b(x) = 7*x**2 + 16*x - 45. What is b(2)?
15
Let m(n) = -48*n**2 + 5*n - 7. Give m(-2).
-209
Let p(u) = 3*u**2 + 476*u + 8211. What is p(-139)?
10
Let p(n) = -68*n**3 - n**2 - 3*n + 3. Calculate p(1).
-69
Let o(i) = i**2 - 3*i - 1118. Give o(-32).
2
Let h(y) = -2*y**3 - 61*y**2 - 35*y - 99. What is h(-30)?
51
Let g(a) = a**2 - 11*a - 19. Give g(10).
-29
Let z(y) = -126*y**3 + y**2 + 2*y - 3. What is z(1)?
-126
Let z(x) = x**3 - 10*x**2 - 169*x + 8. Determine z(-9).
-10
Let d(u) = -u**3 - 5*u**2 + 30*u + 33. What is d(-10)?
233
Let n(f) = 92*f - 1006. What is n(11)?
6
Let s(f) = -2*f**2 - 367*f - 13823. What is s(-53)?
10
Let n(a) = a**2 - 36*a + 341. Calculate n(6).
161
Let q(d) = -d**3 - 19*d**2 - 14*d + 76. Determine q(-18).
4
Let o(p) = 5*p**2 - p - 15. Calculate o(-4).
69
Let x(j) = 10*j**2 - 70*j + 145. What is x(2)?
45
Let i(l) = 157*l - 263. Determine i(2).
51
Let v(x) = -x**2 - 644*x - 1904. Determine v(-3).
19
Let r(q) = -27*q - 51. Determine r(-3).
30
Let p(g) = -g**3 - 18*g**2 + 20*g + 602. Give p(-17).
-27
Let c(g) = 224*g**3 + g**2 + 12*g - 12. Give c(1).
225
Let j(y) = -12*y**2 + 74*y + 190. Calculate j(8).
14
Let o(m) = -10951*m - 15. Give o(0).
-15
Let m(h) = 16*h + 17. What is m(12)?
209
Let o(h) = 5*h**2 + 61*h + 59. Give o(-1).
3
Let a(x) = -471*x - 2346. Calculate a(-5).
9
Let n(q) = 7*q**2 + 4*q + 18. Give n(-6).
246
Let b(u) = 19294*u - 57885. Give b(3).
-3
Let d(n) = n**2 - 11*n - 568. Calculate d(-19).
2
Let t(a) = -43*a**3 + 260*a**2 - 168*a + 941. What is t(6)?
5
Let p(h) = h**2 + 4460*h + 17829. What is p(-4)?
5
Let x(t) = -8*t - 29. Determine x(-10).
51
Let f(s) = s**2 + 37*s + 58. What is f(-21)?
-278
Let i(c) = 32*c**2 + 242*c + 17. What is i(-8)?
129
Let d(z) = -751*z - 3729. Give d(-5).
26
Let b(t) = -406*t - 5326. Calculate b(-13).
-48
Let l(g) = 123*g**2 + 2*g - 10. What is l(-3)?
1091
Let k(y) = 373*y + 2500. Calculate k(-7).
-111
Let g(h) = -3945*h - 43393. Determine g(-11).
2
Let h(q) = 83*q + 1913. Determine h(-23).
4
Let i(h) = -6*h + 119. Give i(14).
35
Let a(k) = -3*k - 5. Give a(-12).
31
Let l(d) = -d**3 + 24*d**2 + 62*d - 192. What is l(26)?
68
Let k(q) = -223*q - 2007. Give k(-9).
0
Let l(z) = 67*z**2 - 3817*z - 99. What is l(57)?
15
Let y(v) = v**3 + 2*v**2 + 115*v + 482. Calculate y(-4).
-10
Let n(b) = b**2 - 23*b + 11. What i